).
9
Let g be 0*(-3 - (-20)/6). Let t(m) be the first derivative of -14*m - 1/2*m**2 + 3. Calculate t(g).
-14
Let a(b) = -b + 11. Let m be a(8). Let s(o) be the first derivative of -o**3/3 + 3*o**2/2 + o + 2. Let v(d) be the first derivative of s(d). What is v(m)?
-3
Let d(w) be the second derivative of w**3/6 + 3*w**2/2 + 2*w. Let s be 21/9 - (-1)/(-3). Let p be 3/s*60/(-18). What is d(p)?
-2
Let b = -22 + 19. Let s(u) = -2*u - 6. Let i(z) = -z - 1. Let c(w) = b*i(w) + s(w). What is c(-5)?
-8
Let g(z) be the second derivative of z**4/12 - 5*z**3/6 - 2*z**2 + 27*z. Calculate g(5).
-4
Suppose 0*w = -3*m - w + 15, 0 = 4*m - 5*w - 39. Let l(i) = -i + 4. Give l(m).
-2
Suppose 0 = -v + 4 - 2. Let m(i) be the second derivative of -3/2*i**2 + 0 + v*i - 1/6*i**3. Determine m(3).
-6
Let h(n) be the first derivative of n**6/120 - n**4/8 - n**3/2 - 3*n**2/2 + 1. Let l(p) be the second derivative of h(p). Give l(-2).
-5
Let h(x) = x**3 - 4*x**2 - x. Let r(n) = -2*n**3 - 3*n**2 - 6*n. Let l(q) = 3*q**3 + 6*q**2 + 11*q. Let y(g) = -3*l(g) - 5*r(g). Let w be y(4). Calculate h(w).
-4
Let b(s) = s**2 + 7*s + 5. Let n = 82 - 86. Determine b(n).
-7
Let p(m) be the third derivative of -m**6/120 - m**5/12 + m**4/3 + 3*m**3/2 + 8*m**2. Determine p(-6).
-3
Let y = 3 - 8. Let p(n) = -3*n**3 + 6*n**2 - 6*n + 1. Let c(v) = 2*v**3 - 3*v**2 + 3*v - 1. Let r(d) = y*c(d) - 3*p(d). Determine r(-4).
6
Let m(h) = -h**3 - h - 1 - h + 6 + 6*h**2. What is m(6)?
-7
Let t = 5 - 9. Let q(j) be the second derivative of -j**3/3 - 3*j**2/2 + 3*j. What is q(t)?
5
Suppose 0*k = -4*k. Let x(h) = 6*h + 6. Let g(o) = -o. Let y(d) = 5*g(d) + x(d). Calculate y(k).
6
Suppose -2*z + n - 1 = -8, 3*n + 9 = 0. Let c(a) = 2*a**3 - 3*a**2 + 2. Calculate c(z).
6
Let s(l) = 3*l - 23. Let h(a) = -a + 8. Let i(t) = -17*h(t) - 6*s(t). What is i(7)?
-5
Let o(s) be the second derivative of s**4/12 + s**3 + s**2/2 + 32*s. Suppose 3*w = -2*m - 14 + 3, -16 = 3*m + 4*w. Calculate o(m).
-7
Let h(n) = 3*n**2 + 4*n + 2. Let f = 16 + -12. Suppose -f*s = 3 + 5. Give h(s).
6
Let v(n) = -n**3 - 10*n**2 + 9*n - 23. Let l be v(-11). Let o(h) = 15*h**2 - 1. Give o(l).
14
Suppose -10 = 26*m - 24*m. Let g(y) = -y - 7. Give g(m).
-2
Let q be (-4 + 2)*(-2)/(-4). Let f(n) be the third derivative of -7*n**4/12 - n**3/6 - 3*n**2. Determine f(q).
13
Let a(i) = i + 13. Let s be a(-9). Suppose -v - 9 + s = 0. Let d(z) = z**2 + 6*z + 1. Determine d(v).
-4
Let n(q) = 10*q + 46. Let s be n(-5). Let g(k) = -k**3 - 11*k**2 + k - 3. Let p(j) = -3*j**3 - 32*j**2 + 2*j - 8. Let i(a) = 17*g(a) - 6*p(a). What is i(s)?
-7
Let a(v) be the first derivative of -5*v**2/2 + 5*v - 12. Calculate a(4).
-15
Let i(k) be the second derivative of 1/2*k**2 - 1/6*k**3 + 0 + 4*k + 0*k**4 + 1/20*k**5. What is i(-2)?
-5
Let a(n) = 4 - 3*n**2 - 2*n - 7 - 1 + 4*n**2. Suppose 0 = i - 2 - 2. What is a(i)?
4
Let b(a) = -a**2 + a + 1. Let j(g) = g**3 + 5*g**2 - 2*g - 8. Let u(s) = -5*b(s) - j(s). Give u(2).
-11
Let i(h) = h**3 - 4*h**2 - 7*h + 4. Let t(s) = -s**3 - 2*s**2 - 4. Let l be t(-3). Suppose 3 = 4*z + 3*m + 9, -2*m - 4 = -z. Let j = l + z. What is i(j)?
-6
Let r(j) = -j**2 + 2*j + 4. Suppose 5*g + 25 = 5*f, 2*g + 4*f + 11 + 17 = 0. Let v be 1/(3 - g/(-3)). Give r(v).
1
Let f be (25/20)/((-1)/(-4)). Suppose 0 = -v - f. Let s(o) = o. Give s(v).
-5
Let u(s) = 15*s**3 - 5*s**2 - 3*s + 1. Let t(z) = -15*z**3 + 6*z**2 + 4*z - 1. Let f(w) = 3*t(w) + 4*u(w). Determine f(1).
14
Suppose 2*n - 3 = -3*l, 0*l = -2*l + 2*n + 2. Let u(h) = -l - 3*h - 3*h + 3*h + h - h**2. Calculate u(-3).
-4
Let p = -225/2 + 114. Let v(x) be the first derivative of -2/3*x**3 - 3 + p*x**2 - x. Calculate v(2).
-3
Let a(f) = f**2 - f + 1. Let g(k) = 4*k**2 - 5*k + 1. Let u(d) = 5*a(d) - g(d). Calculate u(0).
4
Let h(l) = -l**3 + 5*l**2 + l + 2. Let c be 86/18 + (-6)/(-27). What is h(c)?
7
Let x(a) = -a**2 + 5*a - 5. Let j be (6/15)/((-2)/10). Let b be -18*2*1/j. Let y be (-1)/(b/(-15) - -1). Determine x(y).
-5
Let j(u) = 2*u**3 + u + 1. Let p(f) = 3*f - 7. Let b be p(2). What is j(b)?
-2
Let s(i) = -i - 2. Let a(x) = -x - 1. Let y(k) = 5*a(k) - 3*s(k). Calculate y(-3).
7
Let r(n) = -n**3 + 4*n**2 - 5*n + 2. Let u be r(3). Let t(s) = -4 + 214*s - 3*s**2 + 4*s**2 - 211*s. Determine t(u).
0
Let l(p) = -28 - 5*p + 11 + p**3 - 4*p**2 + 11. Calculate l(5).
-6
Let u(w) = 17*w - 16. Let f(c) = 4*c - 4. Let r(s) = -26*f(s) + 6*u(s). Determine r(7).
-6
Suppose -n - 2*u - u - 15 = 0, 4*u + 20 = -3*n. Let o(c) = c**3 + c**2 - c - 3. Give o(n).
-3
Let n be -9 - (-4 + 2) - 0. Let t(c) = -9*c**2 + 5*c + 7. Let g(x) = -13*x**2 + 7*x + 10. Let h(b) = n*t(b) + 5*g(b). Determine h(-2).
-7
Let z(a) = -a + 9. Let y be 2/2 - -2 - -2. Let k = 1 + 1. Suppose -k*l + y*l = 15. Determine z(l).
4
Let v(k) = -k**3 + 5*k**2 - 2*k - 2. Let p(s) = s**2 - 3*s - 2. Let w be p(4). Suppose w*a - 1 = 9. Give v(a).
-12
Suppose 5*v + 9 = 2*v. Let j be 2/(-4) + v/(-6). Let y(u) be the second derivative of -u**4/12 + u**3/6 + 3*u**2 - 2*u. Calculate y(j).
6
Let d(y) = y**3 + 6*y**2 - 5*y + 9. Let l be (-63)/6*(-5)/((-45)/6). Determine d(l).
-5
Suppose 0 = -25*i + 20*i - 4*v + 16, -5*v = i - 20. Let d(z) = 6*z**2 + 2. Let n(u) = -u**2 + 2*u**2 - 3 - 6*u**2. Let b(t) = 4*d(t) + 5*n(t). Determine b(i).
-7
Let b(m) be the second derivative of 7*m**3/6 + m**2/2 + 4*m. Suppose -i = -3*c - 3*i + 7, -2*i = 5*c - 9. Calculate b(c).
8
Let f = -8 - -17. Suppose -h - f = 2*h. Let d(c) = c**2 - c - 2. Give d(h).
10
Let c(r) = r + 14. Let b = 118 + -118. Calculate c(b).
14
Let m(r) = r**2 + 5*r - 4. Let k be m(-6). Let f(p) = 2 - p**2 - 2 + k*p + p - 3. Let b = -5 + 9. Calculate f(b).
-7
Let p(m) be the third derivative of -m**6/120 + m**5/15 + m**4/24 - 2*m**3/3 + 3*m**2. Give p(3).
8
Let w(z) be the third derivative of -z**4/24 - 2*z**3/3 - 13*z**2. Give w(0).
-4
Suppose 4*d + 5 = -3*h - 5, 0 = -4*h - 2*d. Suppose -8 = -h*q - 2*q. Let y(u) = u - q*u - 3 - 2*u. What is y(-3)?
6
Let h(a) be the third derivative of a**6/40 + a**5/30 + a**4/12 + a**3/6 + 5*a**2. Give h(-1).
-2
Suppose 3 - 18 = -3*t. Suppose 0*n + 5*k - t = 4*n, 2*n + k = 15. Let g(x) = x**2 + 0*x - n*x**2 + 1 - x**2 + x. What is g(-1)?
-5
Let y(x) = -x**2 - 16 + 2*x + 2*x**3 + 5 + 10 - 3*x**3. Calculate y(-2).
-1
Let m(v) = v**3 + 6*v**2 + 1. Let a be m(-6). Let p(x) = -6*x + 1. Determine p(a).
-5
Let t(b) = b - 11. Let z be t(4). Let n(x) = -x**3 - 8*x**2 - 6*x + 1. Determine n(z).
-6
Let a(b) be the first derivative of b**2/2 - 14*b + 4. Calculate a(0).
-14
Let t(z) = -z - 4. Let g(f) = -f**3 - 8*f**2 + 9*f + 3. Let y be g(-9). Suppose -y*m - 19 + 4 = 0. What is t(m)?
1
Suppose 3*w = -2*w + 60. Let f = -7 + w. Let y(n) = n**2 - 6*n + 2. Calculate y(f).
-3
Suppose 0 = y + 4*r - 17, 4*y - 39 + 5 = r. Let q = 13 - y. Let j = 3 - q. Let c(b) = -2*b + 1. What is c(j)?
3
Let t(p) be the second derivative of -p**3/6 - p**2 - p. Give t(0).
-2
Let q(i) = -i**3 - 3*i**2 + 2*i - 5. Let t be (-17)/2 - (-1)/(-2). Suppose -7 = 8*o + 33. Let h = t - o. What is q(h)?
3
Suppose 4*y + 12 = 2*w, -5*y + 7*w - 15 = 3*w. Let c(t) = 2*t - 6. Let z be c(5). Let u(p) = z*p + 3*p + 1 - 5*p. What is u(y)?
-5
Let b(h) be the third derivative of 77*h**4/24 + 14*h**3/3 + 2*h**2. Let l(v) = 14*v + 5. Let a(u) = 5*b(u) - 28*l(u). Give a(1).
-7
Let r(s) = 10*s + 2. Let k be r(-1). Let a(t) = -t + 8. Calculate a(k).
16
Let h(c) = -c**2 - c + 2. Let j be h(0). Let y(t) = 7 - t**2 - 2*t + 1 - 6. What is y(j)?
-6
Let d be 10 - ((-4 - -2) + 6). Let q(h) = -h + 6. Calculate q(d).
0
Let q(s) = 4*s**2 + s - 5*s**2 + 3*s**2 + 50*s**3 - 1 - 51*s**3. Give q(2).
1
Let w = 2 - 3. Suppose -i + 4*z = 2*z + 1, i - 3 = z. Let m(j) = -i*j**3 + j**2 + 2*j - j + j**2. What is m(w)?
8
Let n(z) = -z**3 - 5*z**2 - z + 18. Let j(i) = -i**3 - 6*i**2 - i + 19. Let w(a) = 4*j(a) - 5*n(a). Determine w(0).
-14
Let y be (-98)/(-539) - (-46)/(-11). Let n(x) = 5*x**2 - 10*x - 5. Let h(q) = 11*q**2 - 21*q - 11. Let o(g) = 6*h(g) - 13*n(g). Calculate o(y).
-1
Let q(r) = -12*r + 21*r + 10 - 10*r. What is q(0)?
10
Let k(j) = -5*j + 7. Let b(p) = 2*p - 3. Let v(a) = -7*b(a) - 3*k(a). Determine v(-6).
-6
Let b = -62 - -62. Let n(q) = -4*q + 2 + 3*q + 0. What is n(b)?
2
Let a(r) = r**2 - 4*r - 6. Let l be a(5). Let q be 1/1 + 2 + l. Let g(u